.
3
Suppose 4*z = 4*o, 5*z = 2*z - 2*o. Suppose -4*v - 3*w = -226, -2*v + z*w = -4*w - 124. Let r = v - 47. Calculate the greatest common divisor of 11 and r.
11
Let v(o) = -313*o - 1666. Let s be v(-6). What is the highest common divisor of 11236 and s?
212
Let y(g) be the third derivative of 13*g**4/12 - 6*g**3 - 2*g**2 + 10*g. Let o be y(2). Calculate the highest common divisor of o and 32.
16
Suppose -23*i + 216 + 50 = 15*i. Let l be (-3)/15 - 2/(-10). Suppose l = -n + 2*n - 77. What is the highest common factor of n and i?
7
Let s be 6 - (21*6)/(-3). Suppose 85 = l - s. Calculate the greatest common divisor of l and 7.
7
Suppose -2*t + 112 = 2*c, 5*c - 5*t = 177 + 73. Let s = c + -50. Suppose 0 = 2*j - 5*x - 7, 5*x = s*j + 4*x - 4. What is the greatest common divisor of j and 9?
1
Let i = 714 + -690. Let u(y) = y**2 - 5*y - 3. Let p be u(5). Let h be p/(-9) + 69/9. Calculate the highest common factor of h and i.
8
Let o be 2/(-8) + (-273)/(-84). Let g be 69/1*(6/o + -1). Calculate the highest common factor of 3 and g.
3
Let s be (-4)/((-12)/(-15)) + 13. Suppose 0 = -4*z + s*z - 72. Calculate the highest common factor of z and 2.
2
Let q be (-5)/(-6) - (-5 + 7955 - -1)/(-6). What is the greatest common factor of q and 156?
78
Suppose -17*d + 20*d - 1488 = 0. Suppose 0 = 8*n - d + 152. What is the greatest common divisor of 559 and n?
43
Let j(y) = 9*y**2 + 116*y - 676. Let g be j(8). What is the highest common factor of g and 324?
36
Suppose 2*x - n - 4001 = 0, -4*x + 0*x = n - 8005. Suppose -5*d - 1182 = -3*l, -5*l - 7*d + x = -5*d. What is the highest common divisor of 21 and l?
21
Let g be 11/((-11)/(-51)) - ((0 - -7) + 5). Let k be (21/(-6))/((-1)/26). Calculate the greatest common factor of k and g.
13
Let t = 1208 + 3263. Calculate the greatest common factor of 17 and t.
17
Let c be (-2)/((-8)/(-6116))*((2 - 7) + 2). What is the greatest common divisor of c and 33?
33
Suppose 2*k - 9942 + 863 = -5*u, -3*k - 24 = 0. Calculate the greatest common divisor of 17 and u.
17
Let l = 1176 - 708. What is the greatest common divisor of l and 1014?
78
Let n(u) be the second derivative of u**4/3 - 23*u**3/2 - u**2/2 - 4*u + 10. Let s be n(18). Calculate the highest common factor of 371 and s.
53
Suppose -2*k + 0*k - z = 15, -3*z = -3*k - 18. Let f = k + 41. Calculate the greatest common factor of 374 and f.
34
Let g(o) = o**3 + 8*o**2 + o - 36. Let x be (-4)/(-24)*0 - 6. Let w be g(x). Calculate the greatest common factor of w and 135.
15
Suppose 85*t = -72*t + 5809. Calculate the highest common factor of t and 259.
37
Let u = 25 + -4. Let a(x) = x**3 - x**2 - x. Let d be a(2). Suppose 65 = d*j - 103. Calculate the greatest common divisor of u and j.
21
Let q(i) = i**3 + 9*i**2 + 6*i - 10. Let f be 9/(-4)*(14/(-6) + 5). Let b be q(f). Suppose -2*h + 194 - b = 0. Calculate the greatest common factor of 22 and h.
22
Let p = 52 - 20. Suppose -448 = 4*l + 352. Let n = l + 248. What is the highest common factor of p and n?
16
Let x be (-3)/1 + (-20)/((-20)/5). Suppose -60 = -5*d - 5*g, d + 2*g - 12 = -x*g. What is the highest common factor of 3 and d?
3
Suppose -72*h + 135*h + 2600 = 88*h. What is the greatest common divisor of 8047 and h?
13
Let f be (-22)/(8/(-2) + 2). Let y be -469 - (4/(-2) + 0). Let z = y - -489. Calculate the greatest common factor of z and f.
11
Let s = 20 + 95. Suppose -21*m + 1846 = -86. Calculate the greatest common factor of m and s.
23
Let l be 6/(-10) + (-5950)/(-125). Suppose -21*c + 520 = -l. Calculate the highest common factor of 135 and c.
27
Suppose -6934 + 11366 + 8024 = 692*r. Suppose -4*x + 5*i = -157 + 49, 4*i = 0. Let n be 33/9*x*1. What is the greatest common factor of n and r?
9
Suppose -5*v + 13 = -12. Suppose -65 = -4*d + 2*h - 3*h, v*d - 4*h = 97. Let l = -872 + 957. Calculate the greatest common divisor of d and l.
17
Suppose -152 = -10*z + 108. Let i(n) = 87*n - 23. Let w be i(4). Calculate the highest common divisor of z and w.
13
Let f = 2 + 9. Let d(j) = -j**3 + 10*j**2 + 10*j + 15. Let p be d(f). Let s be (p + 2)*138/9. What is the greatest common factor of s and 23?
23
Let n(p) = -p**3 - 17*p**2 - 30*p + 26. Let t(z) = -16*z + 1. Let w be t(1). Let r be n(w). What is the greatest common factor of 2 and r?
2
Let n(g) = -1304*g + 212. Let h be n(-2). What is the highest common factor of 60 and h?
60
Let i = -60 + -12. Let f be (i/1)/(0 + -1). Let q be (1 + -8 + 1)/((-27)/f). Calculate the greatest common divisor of q and 40.
8
Let q(s) = 3*s**3 + 3*s**2 - 18*s + 2. Let l be q(-6). Let n = -346 - l. Calculate the highest common divisor of n and 12.
12
Suppose -42 = 41*w - 47*w. Let t(y) = 7 - 10 + 2*y + 7*y**2 - y**3 + 0*y. Let q be t(w). Calculate the greatest common divisor of 22 and q.
11
Let n = -18921 + 18936. Calculate the greatest common divisor of 219 and n.
3
Let y(x) = x**3 + 26*x**2 + 44*x - 99. Let k be y(-24). Let j be 1295/(-10)*12/k. Calculate the greatest common divisor of 14 and j.
14
Let t = -331 - -483. Suppose -4*f = -f + 4*a - t, -2*a = -3*f + 176. Let n be (2/13)/(-1) - f/(-26). Calculate the greatest common factor of 2 and n.
2
Suppose -1710 = -31*t + 12*t. Let a = -33 + t. Calculate the highest common factor of 152 and a.
19
Let f = -189 + 190. Let h be 4/((f/22)/1 + 0). Calculate the highest common factor of h and 220.
44
Suppose -2*c - 4*j = -4*c + 44, 2*j = 4*c - 64. Suppose -c*p + 106 = -132. Calculate the highest common divisor of p and 34.
17
Suppose -5 - 11 = -2*n. Let y(s) = -2*s**2 + 6*s**3 - 6*s**3 - 15*s**2 + 2*s**3 + 17*s. Let m be y(n). What is the highest common divisor of m and 48?
24
Let t be 151*-19*(-46)/46. Calculate the highest common divisor of t and 19.
19
Suppose 770 = 20*h - 1170. What is the highest common factor of 3880 and h?
97
Let f = -206 + 1054. Let t(u) = u**2 + 54*u + 157. Let o be t(-52). Calculate the greatest common factor of o and f.
53
Suppose -2*k + 19 = 2*k + 3*t, -4*k + 18 = 2*t. Suppose -4*a - k*p - p = 323, -4*p = -4. Let q be (8 - a)*14/5. What is the highest common factor of 28 and q?
28
Suppose -254*g = -267*g + 32526. What is the greatest common divisor of g and 556?
278
Suppose -859 - 76 = -5*l. Suppose 0 = -70*u + 343 + 1135 - 288. Calculate the greatest common factor of u and l.
17
Let m be (-198 - -191)*18476/(-14). Calculate the greatest common factor of 62 and m.
62
Let a = -852 - -856. Suppose -84 = -6*z + a*z. Let o(q) = 12*q**2 - 3. Let d be o(3). What is the highest common divisor of d and z?
21
Let v = 18 + 0. Let y be (9814/v - -1) + (-402)/1809. What is the greatest common divisor of 26 and y?
26
Suppose 36 = 5*w - 3*y, -3*y - y + 48 = 4*w. Suppose -1011 + 147 = -w*f. What is the highest common factor of 32 and f?
32
Suppose 3541 = 5*j + k, 4*j = 23*k - 27*k + 2852. Calculate the highest common factor of j and 28.
7
Suppose -4*n + 17 = -3*c + 197, c - 73 = -3*n. Calculate the greatest common divisor of c and 2704.
16
Suppose -4*y - 851 - 1187 = -5*t, 5*t - y - 2047 = 0. Calculate the highest common divisor of t and 14.
2
Let h = 8816 + -8790. What is the greatest common divisor of 286 and h?
26
Suppose -5*q + 1475 = 2*l, 4*q + 2*l - 26 - 1154 = 0. What is the greatest common factor of 531 and q?
59
Let q be (-54940)/(-2144)*(1 - -7). What is the highest common factor of 590 and q?
5
Let x(u) = 2*u**2 + 19*u + 1. Let l be x(-11). Suppose -l - 70 = -2*n. Calculate the greatest common divisor of n and 13.
13
Let a(u) = u**2 + 4*u - 7. Let k be a(-8). Suppose -184 = o - 19. Let r = o + 290. Calculate the highest common factor of k and r.
25
Suppose 14359*u + 406 = 14373*u. Suppose 0*l - 129 = 3*l. Let w = l + 72. Calculate the highest common factor of u and w.
29
Let j be ((45/(-20))/((-9)/24))/(-2). Let s(a) = 8*a + 128. Let w be s(j). Calculate the greatest common factor of w and 78.
26
Suppose -m + r = -11651, 5*m - 9*r - 11243 = 47004. Calculate the greatest common factor of m and 86.
43
Let n = 19464 - 19388. What is the highest common factor of 5168 and n?
76
Let x(c) = 2*c**3 - c**2 - c + 4. Suppose -5*h - 4 = -w + 5*w, w = -2*h - 4. Let z be x(w). Calculate the greatest common factor of 16 and z.
16
Let q be (-8)/(-44) + 306/11. Let t = -2 - -45. Suppose 47*l = t*l + 16. Calculate the highest common factor of q